(-20 + 7 - -5).
-93
Evaluate -181 + -1 + -51 + 98 - -8.
-127
What is 19 + 2 - (-81 - -72) - (-4 + 0 + -3)?
37
(-8 - -13 - (5 + 16)) + (5 - (1 - 0))
-12
Evaluate 40 + (2 - -1) + -5 + (-11 - -11) + 0.
38
What is 16 - 1 - (53 - (-40 + 48))?
-30
What is the value of -11 + (-14 + (-4 - -4) - -53)?
28
Calculate -1 + -50 + 87 - 104.
-68
What is the value of 29 + -26 + (-62 - -11)?
-48
What is the value of 83 - (-5 + (17 - (-19 + 40))) - 6?
86
-21 - (-79 + 0) - (-56 + 54 + (0 - 0))
60
-82 + -4 + 40 + 0 + -1 + -18
-65
Calculate (-40 - 4) + 6 + 10 + (-5 - -10 - 7).
-30
Evaluate 119 + -79 + -74 - (-6 + 9 + 0 + 9).
-46
3 + (0 - (-4 - -5) - -5) + -13
-6
(-2 - (-3 + 6) - (-19 + 3)) + 1030 + -1029
12
What is the value of -35 + 26 - 22 - -7?
-24
Calculate (-25 - -1 - (-55 + -6 - -51)) + -25.
-39
-138 - (-117 - 19) - 119
-121
What is -5 + 10 + (-5 - (1 + -5) - -4 - -47)?
55
What is the value of -172 - (-20 + 16 + 18 + -54)?
-132
What is 32 - (72 - 36 - -18)?
-22
What is the value of 4 - ((-21 + 69 - 50) + 34)?
-28
-102 + -2 + -19 + (9 - 11 - -35)
-90
What is -99 + 78 + 51 + -6 + 0?
24
What is the value of (-33 - 1) + (-174 - (187 - 322))?
-73
Calculate 8 - (-94 - -79 - (-3 - 37)).
-17
Evaluate (-30 + 24 + -21 - (5 + 5)) + (1 - 3).
-39
Calculate (-2 - (2 - -3) - -11) + -11 + 24.
17
What is the value of (0 - (-10 - 1 - (9 - 20))) + -6 + -2?
-8
Evaluate -4 - (8 - (4 + 0)) - (21 + 9 + 13).
-51
Calculate 6 - (4 - -6) - (-17 + 11 + 57).
-55
What is the value of -70 + -65 + -33 + 102 + -17 + (-2 - -1)?
-84
Evaluate -1 + -4 + 1 + 0 + 20 - (525 + -529).
20
What is (0 - (1 + -1)) + (-6 + -38 - -15 - -14)?
-15
Evaluate 44 + 31 + (30 - (48 + -55)).
112
Evaluate -2 - (19 - (-11 - -6 - -10 - (-2 + -1))).
-13
What is the value of -2 - ((5 - 19) + -37)?
49
Evaluate 16 - (-11 + -12 + 51) - -46.
34
Evaluate 0 + 68 + (-20 - -19 - 23 - -43).
87
(-37 + 43 - -6 - 20) + -31
-39
Calculate -20 - ((36 - -18) + -33).
-41
What is 13 + -39 + (-8 + 10 - 0) + -6?
-30
-8 - (16 + 11 + 5 - 22)
-18
What is (68 - 7) + -191 + 66?
-64
What is 6 + (0 - (3 - -6) - (-23 + 32)) - 55?
-67
What is the value of 32 - (-8 - (-17 + (-28 - -34)))?
29
(-75 - -24) + 39 + 6 + -3 + 3
-6
-1 + -39 + 1 - (-4 + -27 - -32)
-40
-46 + (94 - 46) + -48
-46
What is the value of 41 + -1 - (1 + -19 + 24 - 15)?
49
97 - 4 - 0 - (17 + -4 + -18 - -15)
83
What is the value of 39 - (51 + -21) - (1 - (0 + 3 + 19))?
30
What is the value of -5 + (-31 - -7) + (9 - (-1 - -33)) + 11?
-41
What is 13 - (-20 - (-14 + 14 + 1))?
34
What is 40 + 21 + 23 + (4 + -4 - -15 - 3)?
96
(0 - 6) + -2 + 97 + -80 - (2 + 44)
-37
What is the value of 107 - ((22 - -23) + 8)?
54
What is the value of (4 - (-14 + 5)) + 0 + 0 + -56?
-43
Evaluate -2 + -9 + (-6 - (11 + -11)) + 6 - -4.
-7
Evaluate 24 - ((-24 - (-66 + -17)) + -9).
-26
What is -8 + 9 + (-10 - (6 + -7 + 0)) - -73?
65
Calculate (4 - (-1 + (9 - -11) - 7)) + -4.
-12
Evaluate 130 - (-98 + (50 - -51)).
127
Calculate -73 + (-29 - -20) - -46.
-36
Evaluate -69 + 91 + (-7 - -1) - -2.
18
What is the value of -13 + 4 + (-23 - 25) + 13?
-44
Evaluate 181 - 24 - (103 + -20).
74
70 - (-4 + 31 - 42 - -9)
76
Evaluate 8 + -1 + -1 + (6 - (-25 + (9 - 26))).
54
What is the value of 14 + 25 + -19 + (29 - -1)?
50
Calculate -13 + 12 + 4 + -8 + -4 + -99.
-108
Calculate 24 + -130 + -14 + (40 - 11).
-91
What is the value of 19 + -54 - (42 - -8 - 34)?
-51
Calculate 37 - ((6 - (6 + (-1 - 1)) - 7) + 10).
32
Calculate 147 - 164 - -38 - (66 + 1).
-46
Calculate -19 - (28 - (-54 + 128)).
27
What is 14 - (14 - (3 + (-25 + 0 - -10)))?
-12
Calculate 3 - ((-7 - 2) + -5 + 25 + -10 + 0).
2
Calculate (-78 - -34) + 41 - 3.
-6
Evaluate -67 - (109 + -252 + 38).
38
What is (81 - 33) + (4 - 100)?
-48
Calculate (-10 + -10 + 11 - 4) + (19 - -35).
41
What is the value of (19 - 2) + 15 + (-10 + -20 - -9) + -18?
-7
Evaluate 0 + -1 + 51 + 2 + (57 - 70).
39
Calculate 6 - ((-5 + 5 - (34 + -34)) + -10).
16
What is the value of 0 + 105 + 525 + -545 + 12 + -2?
95
What is -22 + (16 - 8 - -83 - 20)?
49
What is the value of (45 - 29 - -52) + 13 + 4 + 0?
85
61 - ((-55 - -21) + -52) - (17 + 1)
129
Calculate 26 + -26 + -33 + 43.
10
Evaluate (-3 - -7 - -6) + (-14 - 9) + 9 - -65.
61
Calculate 0 - (18 + -8 + -3) - (72 - 9).
-70
(-63 - -11 - -15) + 23 + (69 - 2)
53
What is the value of 1787 + -1725 + (0 - 80)?
-18
What is (1 - -38) + (-13 + 18 - (-10 - (-24 - -15)))?
45
Calculate -7 + (19 - (57 + -17) - -112).
84
What is the value of -1 + -96 + -5133 + 5277?
47
-1 + (1 - -14) - (-3407 + 3393)
28
Evaluate 38 + -59 + 68 - (1 - (2 + -5)).
43
What is 1 + -1 - -8 - (-31 + 16 + -29 + 29)?
23
What is 13 + 10 + -48 + 41?
16
Evaluate (12 - 62 - -15) + 116 + -233.
-152
What is the value of 46 + -32 + 10 + 24?
48
-13 + (28 - 13) + (3 - 1) + 2
6
What is 3 + 2 - (-7 - (-43 + 16))?
-15
What is the value of (-2 - 11) + (-3 + -46 + 1 - -11)?
-50
What is (-70 - -97) + -10 - (0 - -6)?
11
What is (1 + 36 - 2) + 14 + (-42 - -33)?
40
What is 3 - 5 - 6 - 7 - (44 - -33)?
-92
8 + -17 + (1 - 1 - -31)
22
What is the value of -18 + (14 - (31 - 18)) + -21?
-38
Calculate 9 + 7 + -12 + -14 - (-19 - 1) - 28.
-18
What is the value of -37 + (-1 - 0) + (20 - ((21 - -40) + -36))?
-43
Calculate (-33 - -102) + -52 + -102.
-85
6225 + -6308 + 0 + -38
-121
What is the value of -89 - (-7 + -30) - 21?
-73
811 + -749 + (-1 - -7) + -1 + -2 + 3
68
What is (15 + -17 - -13 - -2 - 20) + -36?
-43
Calculate 30 + 2 + 80 + -55.
57
What is the value of 11 + (-21 - -19) + -19 + 7 + -1?
-4
-10 - (1 + -8 - (-20 - (7 - 32)))
2
Evaluate (3 - -7) + (9 + 1 - (183 + -122)).
-41
What is 0 + 3 + (103 - 142) + 10?
-26
-82 + (68 - 1 - 35)
-50
Calculate 4 - (4 + (-7 + 12 + 4 - (11 - 2))).
0
What is 9 - 0 - (52 + (18 - (-21 - -58)))?
-24
Evaluate (12 - 32) + -8 + 10 + 5.
-13
What is the value of -1 + -145 - (1085 - 1161)?
-70
What is 1 + -5 - (2 + -27 - (-145 + 128 + -66))?
-62
Calculate -121 + 221 + -124 + (-1 - -8).
-17
What is the value of 27 + (-62 - (8 + (-20 - -32)))?
-55
Evaluate -26 + (4 - -12) + (5 - (20 - 8)) + -88.
-105
What is the value of 121 + -52 - 191 - -69?
-53
What is the value of 110 - (202 + (83 - 154))?
-21
-39 - 19 - 15 - (-1 + 1 - (-8 - -3))
-78
4 + 112 - (-43 - -141)
18
What is (-97 + 90 - (-2 + -5)) + -54 + 5?
-49
What is (-19 - (-53 - -14)) + -13?
7
Evaluate 5 + -32 + -15 + (-9 - -31).
-20
What is the value of 10 + (-2 - (15 - 1)) + (-14 - 21)?
-41
Evaluate 21 + 97 + -96 + -90.
-68
What is the value of (9 - 20) + 23 + (52 - (-4 + 12))?
56
What is -30 + 11 + (6 + -4 - 10 - 3) + -11?
-41
Calculate (15 - -1) + (108 - 144) - -12.
-8
(-58 - -15) + -8 - (-3 - (0 + -7))
-55
What is 4 + -17 - (-121 - (8 - ((-6 - -29) + -10)))?
103
Evaluate (-6 - 0 - (-303 - -276)) + -22 - (90 - -1).
-92
-19 + 33 + (-62 - -27) + 12
-9
Evaluate -39 - (50 - (6 + 45)).
-38
-17 + -14 - (-225 + 194)
0
What is -4 + (2 - 12) + 80 - 9?
57
23 + -121 + 52 + -24 + 5
-65
What is the value of (-6 - (-12 - (-3 - 5 - -12)) - -69) + -8?
71
Evaluate (1 - -19) + 2 - (35 - -11).
-24
What is the value of -2 - (4 - (-39 + -9))?
-54
Evaluate 18 + -22 - (-2 - -6) - ((-13 - 17) + 12).
10
Calculate 26 - 49 - -45 - (0 + -23).
45
-6 + -31 + 7 + 25 - -33
28
What is the value of -67 + (0 + 9 - (-7 + 6 + (-3 - -21)))?
-75
What is -111 + 97 + (25 - (-5 + 5)) + 114?
125
What is the value of (-40 - -4 - (-50 - -17)) + -1 + 75?
71
What is the value of 151 + -79 + 33 - -25?
130
17 + (-1270 - -1275 - (2 - 0))
20
What is the value of -17 - (62 - 45) - -53?
19
What is 547 + -637 + (11 - (11 + -10 + -1 + 0))?
-79
Evaluate (-719 - -703) + -1 + (1 - 3).
-19
What is the value of 69 + -167 + 135 - (0 + 7)?
30
What is the value of -5 - (-3 + 51 + 17)?
-70
Calculate (9 - (-54 + 68)) + -54.
-59
What is (-2561 - -2608) + -2 + -68?
-23
What is the value of (12 - 0) + (13 - 30 - 30)?
-35
54 + -1 + 104 + 78 + -173
62
(8 + (-8 - (-12 - -7)) - -12) + 6
23
What is the value of (60 - (33 - -31)) + (1 - 0 - 5)?
-8
What is the value of -176 + 87 + 92 + -135?
-132
Evaluate -3 - (-1 + 0 + 4 - 12).
6
What is the value of (75 - -33) + -122 - (1 + -2 - (4 + 63))?
54
-32 - (-9 + (21 - 49))
5
Calculate -1488 - -1586 - (-3 + 99).
2
Calculate 96 - ((4 + -4 - ((25 - 17) + -16)) + 1).
87
What is -12 + (-24 - -31) + -7 - 10?
-22
Evaluate (-15 - (22 + -116) - -29) + (-2 - 1) + -10.
95
What is 